22403 composite?
False
Is 41579 prime?
True
Is 59977 composite?
True
Is 210153 a composite number?
True
Is 222821 a composite number?
True
Is 3269 prime?
False
Is 70529 a prime number?
True
Is 3989 prime?
True
Is 12981 a composite number?
True
Is 905677 composite?
False
Is 1130317 a composite number?
False
Is 134581 prime?
True
Is 266261 a prime number?
True
Is 26813 composite?
False
Is 91281 a prime number?
False
Is 190733 a composite number?
True
Is 4369 prime?
False
Is 171987 a composite number?
True
Is 20711 prime?
False
Is 1094 prime?
False
Is 4171 composite?
True
Is 1329 a composite number?
True
Is 577567 a composite number?
True
Is 68395 a composite number?
True
Is 488947 composite?
False
Is 4717 prime?
False
Is 4187 composite?
True
Is 938279 a composite number?
False
Is 141157 a composite number?
False
Is 34907 a prime number?
False
Is 52001 prime?
False
Is 16033 a prime number?
True
Is 1003 prime?
False
Is 1257107 a prime number?
False
Is 102491 prime?
False
Is 427267 a composite number?
True
Is 953 a composite number?
False
Is 6733 prime?
True
Is 74407 prime?
False
Is 389761 prime?
True
Is 1069421 a prime number?
True
Is 1693 composite?
False
Is 12697 composite?
False
Is 91367 a composite number?
False
Is 181247 a composite number?
True
Is 7901 a composite number?
False
Is 501659 a composite number?
False
Is 4193 composite?
True
Is 3893 composite?
True
Is 1221319 prime?
False
Is 1471 a composite number?
False
Is 1238219 composite?
False
Is 122753 a composite number?
False
Is 342406 a composite number?
True
Is 760897 composite?
False
Is 344567 a prime number?
True
Is 29099 prime?
False
Is 80489 prime?
True
Is 2599 prime?
False
Is 67657 a prime number?
False
Is 134639 a prime number?
True
Is 182254 prime?
False
Is 15578 prime?
False
Is 8459 composite?
True
Is 5531 a prime number?
True
Is 11731 composite?
False
Is 2761 a composite number?
True
Is 1580107 a prime number?
True
Is 143387 a prime number?
True
Is 8947 composite?
True
Is 29261 a prime number?
False
Is 1490783 a composite number?
True
Is 7621 composite?
False
Is 300047 composite?
True
Is 303119 composite?
False
Is 12739 prime?
True
Is 1293 prime?
False
Is 4783 prime?
True
Is 123797 prime?
False
Is 504613 a composite number?
True
Is 4762781 a composite number?
True
Is 328498 prime?
False
Is 354857 a prime number?
False
Is 23269 a prime number?
True
Is 1401 prime?
False
Is 166343 a composite number?
True
Is 1067939 a composite number?
False
Is 7231 a prime number?
False
Is 8369 a prime number?
True
Is 17335 a prime number?
False
Is 17291 prime?
True
Is 110419 composite?
False
Is 39439 composite?
False
Is 1276153 composite?
True
Is 4783 a composite number?
False
Is 44903 a prime number?
False
Is 238834 prime?
False
Is 8057 a prime number?
False
Is 34297 prime?
True
Is 58711 composite?
False
Is 291979 prime?
True
Is 14971 prime?
False
Is 328297 a composite number?
True
Is 99523 prime?
True
Is 13214 prime?
False
Is 71311 a composite number?
True
Is 234947 a composite number?
False
Is 5879 a composite number?
False
Is 113557 a prime number?
True
Is 326863 a prime number?
True
Is 11081 a composite number?
True
Is 7621 composite?
False
Is 2017671 a prime number?
False
Is 80329 prime?
True
Is 27397 composite?
False
Is 2276969 composite?
False
Is 37691 prime?
True
Is 604441 a composite number?
False
Is 1156127 prime?
False
Is 122609 a composite number?
False
Is 870083 composite?
False
Is 13367 composite?
False
Is 17257 composite?
False
Is 23279 a prime number?
True
Is 14099 prime?
False
Is 481693 a prime number?
True
Is 18787 a composite number?
False
Is 6581993 a prime number?
False
Is 1439 a composite number?
False
Is 28759 composite?
False
Is 1109 prime?
True
Is 8741 a composite number?
False
Is 33137 composite?
True
Is 1465 prime?
False
Is 24503 a composite number?
True
Is 41443 composite?
False
Is 8021 a prime number?
False
Is 215297 a composite number?
False
Is 53183 a composite number?
True
Is 379889 composite?
False
Is 2129 prime?
True
Is 1043083 a prime number?
True
Is 1498301 a prime number?
False
Is 6493 composite?
True
Is 2682131 prime?
True
Is 568987 a prime number?
True
Is 25693 composite?
False
Is 15401 a prime number?
True
Is 10477 a prime number?
True
Is 833887 a prime number?
True
Is 3787 prime?
False
Is 58573 a composite number?
False
Is 568759 a prime number?
False
Is 1193597 a composite number?
True
Is 17209 prime?
True
Is 2897 a prime number?
True
Is 117161 composite?
True
Is 4499 a prime number?
False
Is 45389 a prime number?
True
Is 73819 a composite number?
False
Is 32127 a composite number?
True
Is 1005659 prime?
False
Is 1259 a prime number?
True
Is 13393 composite?
True
Is 822083 a composite number?
True
Is 152981 a composite number?
False
Is 49139 a composite number?
False
Is 28363 a composite number?
True
Is 596399 prime?
True
Is 229373 prime?
True
Is 743 composite?
False
Is 273619 composite?
True
Is 18839 a composite number?
False
Is 57217 a composite number?
True
Is 80377 a prime number?
False
Is 1345 a composite number?
True
Is 9967 a composite number?
False
Is 970513 a prime number?
False
Is 2003723 composite?
False
Is 50703 a prime number?
False
Is 18779 composite?
True
Is 28961 a prime number?
True
Is 443 composite?
False
Is 496803 a composite number?
True
Is 9773 composite?
True
Is 13993 a prime number?
False
Is 151091 composite?
False
Is 5567 a composite number?
True
Is 13571 prime?
False
Is 26383 a prime number?
False
Is 272951 composite?
True
Is 199993 a composite number?
True
Is 112405 prime?
False
Is 44581 a prime number?
False
Is 52265 composite?
True
Is 4907 a composite number?
True
Is 166267 a prime number?
False
Is 1733 a composite number?
False
Is 199583 a composite number?
False
Is 12013 composite?
True
Is 151027 a prime number?
True
Is 44257 a composite number?
False
Is 34019 composite?
False
Is 57769 prime?
False
Is 913 composite?
True
Is 35741 a prime number?
False
Is 59333 composite?
False
Is 3825205 a prime number?
False
Is 37477 a composite number?
True
Is 42647 composite?
True
Is 45737 composite?
False
Is 191 prime?
True
Is 36611 a composite number?
True
Is 166679 composite?
False
Is 67323 a composite number?
True
Is 548099 composite?
False
Is 93011 prime?
False
Is 2946941 a composite number?
False
Is 7169 a composite number?
True
Is 52691 a composite number?
False
Is 152059 a prime number?
False
Is 6521 prime?
True
Is 1943401 composite?
True
Is 127973 a prime number?
True
Is 56561 a prime number?
False
Is 2559 composite?
True
Is 470257 prime?
False
Is 27791 prime?
True
Is 1503139 a prime number?
False
Is 104821 prime?
False
Is 5809 composite?
True
Is 198694 prime?
False
Is 1188653 composite?
False
Is 180485 a prime number?
False
Is 2263997 a composite number?
True
Is 16249 composite?
False
Is 21919 composite?
True
Is 37531 a prime number?
False
Is 13241 a prime number?
True
Is 579849 a prime number?
False
Is 8198 composite?
True
Is 121031 prime?
False
Is 32863 a prime number?
False
Is 94597 a composite number?
False
Is 32347 a composite number?
True
Is 3183 a composite number?
True
Is 90947 a composite number?
False
Is 322769 a composite number?
False
Is 5089 composite?
True
Is 731 a prime number?
False
Is 251555 a composite number?
True
Is 683105 a composite number?
True
Is 6595 composite?
True
Is 502699 prime?
True
Is 31177 prime?
True
Is 11099 prime?
False
Is 2059 a composite number?
True
Is 165029 a prime number?
False
Is 67403 a prime number?
False
Is 21703 prime?
False
Is 52361 a prime number?
True
Is 4111 a prime number?
True
Is 5959 composite?
True
Is 167309 prime?
True
Is 5357 a composite number?
True
Is 25559 composite?
True
Is 702743 composite?
False
Is 989283 a composite number?
True
Is 18113 prime?
False
Is 163117 a prime number?
True
Is 13138 prime?
False
Is 22733 a composite number?
True
Is 18461 a composite number?
False
Is 53645 composite?
True
Is 593459 composite?
True
Is 239689 a composite number?
False
Is 2503 a prime number?
True
Is 189863 a prime number?
False
Is 370769 prime?
False
Is 183 prime?
False
Is 10669 a composite number?
True
Is 48217 prime?
False
Is 92333 composite?
False
Is 236237 composite?
True
Is 1289711 a prime number?
True
Is 890003 prime?
True
Is 489 composite?
True
Is 778 a composite nu